et k be ((-4)/(-10))/(2/20). Suppose 3*q = k*q. Suppose -5*m + q + 20 = 0. List the prime factors of m.
2
Let j(a) = 6*a**2 + 1. Let i be j(1). Let t(m) = -m**3 + 6*m**2 + 11*m - 10. List the prime factors of t(i).
2, 3
Suppose 2*m = -4*d - 22, m = -d - m - 7. Let o = -1 - 0. List the prime factors of (0 + 2)/(o/d).
2, 5
Suppose 0 = 2*a - 5*a. Let o = 4 - a. Suppose 0 = -o*d - 5*y + 20 + 5, -4*d + y = -19. List the prime factors of d.
5
Let w = 19 + -5. What are the prime factors of w?
2, 7
Suppose -5*f = -5*v - 95, -5*f + 90 = 2*v - 6*v. Suppose 3*z - f = 112. What are the prime factors of z?
2, 3, 7
Let h(o) be the first derivative of 1/2*o**4 + 2*o - 2/3*o**3 - 3/2*o**2 - 4. List the prime factors of h(2).
2
Let d = 4 - -3. Suppose -4*m + 135 = d. Suppose 2*x - m = -2*x. What are the prime factors of x?
2
Let q(u) = -u**3 + 5*u**2 - 2*u + 6. Let d be q(5). Let t = d - -4. What are the prime factors of (t/(-2))/2 - -4?
2
Let o = 6 - 16. Let q = -3 - o. What are the prime factors of q?
7
Let r = -19 + -2. Let m = 1 - r. Suppose 4*q - m = 54. List the prime factors of q.
19
Suppose 2 = f, 0 = -4*s + 2*s + 5*f + 540. What are the prime factors of s?
5, 11
Let s(g) = -g**3 + 5*g**2 - 2*g - 3. Let t be s(4). Suppose 0*c + 3*v + 28 = 2*c, 20 = t*v. List the prime factors of c.
2, 5
Suppose 55 = 4*j - 185. Suppose j = -0*s + 3*s. List the prime factors of s.
2, 5
Let f = 33 - 23. Suppose 5*s - f = -4*b, -s + 18 = -4*b + 8*b. Suppose 3*t + 4*x - 17 = -x, b*x + 37 = 3*t. List the prime factors of t.
3
Let t = -5 - -35. List the prime factors of t.
2, 3, 5
Let g be 66/10 + (-9)/15. Suppose -30 = 3*k - g. Let s = k - -13. What are the prime factors of s?
5
Suppose -5*s = 5*i - 4 - 31, 0 = -4*i + 5*s - 17. Suppose i*r + r - 61 = p, 5*r - 95 = -5*p. What are the prime factors of r?
2, 5
Let d = -6 + 16. List the prime factors of d.
2, 5
Suppose 0 = z - 3*z - 4*j + 32, 59 = 2*z - 5*j. What are the prime factors of z?
2, 11
Suppose 9 + 21 = 3*g. List the prime factors of g.
2, 5
Let c be (((-15)/3)/1)/(-1). Suppose -c*m = -68 - 102. List the prime factors of m.
2, 17
Let j = 34 + -16. List the prime factors of (-1 + 0)*-2 + j.
2, 5
Let h = -22 - -38. Suppose 0*c + c - 14 = 4*a, 3*a + h = c. Suppose -c = -5*k - 2. What are the prime factors of k?
2
Let w(r) = r**3 + 12*r**2 + 11*r + 3. Let m be w(-11). Suppose 0 = 2*v + 6*u - m*u - 53, -u + 47 = 2*v. List the prime factors of v.
2, 11
Let j(f) = f**2 - 5*f + 1. Let k be j(5). Suppose -2*p - 3*t = 3*p - 23, -1 = p + 2*t. Let q = p + k. What are the prime factors of q?
2
Let n(f) = -f**3 - f**2 - f - 1. Let m(c) = 6*c**3 - 3. Let l(y) = m(y) + 5*n(y). Let q be l(7). Suppose -4*i + q = i. List the prime factors of i.
11
Let g(o) = 3*o - 1. Let f be g(2). Suppose f - 65 = -5*b. List the prime factors of b.
2, 3
Let s(g) = -249*g**3 - 3*g**2 - g + 1. What are the prime factors of s(-1)?
2, 31
Suppose x + 2 = 0, 4*x - 1 + 9 = -2*y. Let t(k) = -5*k. Let w be t(-1). Suppose 2*n = -w*b - y*n + 66, 2*b + n = 27. List the prime factors of b.
2, 3
Let a = 452 - 248. What are the prime factors of a?
2, 3, 17
Suppose 4 = -3*g + 16. Suppose -a = 2, -g*t - 3*a + 48 = -a. What are the prime factors of t?
13
Let v = 182 + 15. What are the prime factors of v?
197
Let x(o) = o**3 + 9*o**2 - o - 12. Let n be x(-9). Let y(c) = -c + 1 + 4 - 4. What are the prime factors of y(n)?
2
Let l = -42 - -122. List the prime factors of l.
2, 5
Suppose 224 = 10*n - 996. List the prime factors of n.
2, 61
List the prime factors of 2/12 + (-6685)/(-30) + -2.
13, 17
Let l = 15 - 10. Let v be ((-12)/10)/(l/150). List the prime factors of 1*4*v/(-16).
3
List the prime factors of 39 - (4 + -1 + -3).
3, 13
Let a = 26 + -17. List the prime factors of a.
3
Let r(f) be the second derivative of 0 + f + 1/2*f**3 + 1/4*f**4 + 1/2*f**2. What are the prime factors of r(-2)?
7
Let j = -5 + 9. Suppose 0 = -5*d - x - 2 + 12, 3*x = 2*d - j. Suppose 2*q - 7*q + 43 = 3*s, -d*q = 2*s - 18. What are the prime factors of q?
2
Let x(b) = 141*b**2 + 3*b - 4. List the prime factors of x(1).
2, 5, 7
Let x(m) = m**3 - 5*m**2 + 2*m - 5. Suppose 5 = r - 0*r. Let b be x(r). Let v = b - -6. What are the prime factors of v?
11
Let n = -65 + 15. What are the prime factors of ((-180)/n)/((-6)/(-20))?
2, 3
Let r(f) = -f**3 - 10*f**2 - 13*f - 13. Let k be r(-10). Let y = -61 + k. List the prime factors of y.
2, 7
Let c(s) = -s**3 - 7*s**2 + 8*s - 6. What are the prime factors of c(-10)?
2, 107
Let w = 33 + -12. What are the prime factors of (-3 + w)/(6/8)?
2, 3
Suppose -2*j + 78 = 4*v - 56, 4*j - 298 = 2*v. What are the prime factors of j?
73
Let g(d) = 3 + 10*d + 6 - 7*d. What are the prime factors of g(16)?
3, 19
List the prime factors of 1*(12 + 4 + -1).
3, 5
Suppose w - 116 = 5*l, 5*l - 2*l + 549 = 4*w. What are the prime factors of w?
3, 47
Let d(l) = l**3 - 3*l**2 + 3*l. Let o be d(2). Suppose 0 - o = -2*t. Suppose -5*p - 4 = -2*c + t, 3*c - 24 = 2*p. What are the prime factors of c?
2, 5
Let o = -11 + 8. Let s be (0 - -5)*2/(-5). List the prime factors of 46/6 - s/o.
7
Suppose 0*z - 5*f = -5*z, 0 = -5*f + 10. Suppose -2*d + 6*d - 109 = -5*g, -2*g - 50 = -z*d. List the prime factors of d.
2, 13
Let w be 3/(-9) + (-68)/(-6). Suppose y + w = 2*y. What are the prime factors of -1 + y + (-5)/(-5)?
11
Let j(v) = 3*v**2 - 17*v + 20. Let b(y) = -y**2 + 6*y - 7. Let u(o) = 17*b(o) + 6*j(o). Suppose -1 + 13 = 4*t. What are the prime factors of u(t)?
2, 5
Let l(m) = 64*m**2 + 2*m + 3. Let c be l(3). List the prime factors of c/36 + (-6)/(-8).
17
Suppose -2*m - 23 - 1 = -2*w, -2*m - 17 = -w. Let h(r) = -r**2 + 11*r - 7. List the prime factors of h(w).
3, 7
Let g(f) = 5 + 0*f - 3 + 3*f. Let z(u) = -u - 1. Let h(v) = g(v) + 2*z(v). What are the prime factors of h(6)?
2, 3
List the prime factors of ((-13)/5)/((-4)/40).
2, 13
Let q be 20 + 1 + -7 + 4. Suppose 0 = 3*s - 2*f - 105, -4*s + 7*s + 2*f - 105 = 0. Let o = s - q. What are the prime factors of o?
17
Suppose -3*z + 118 = l, -3*l + 134 = 4*z - 30. What are the prime factors of z?
2, 19
What are the prime factors of ((-30)/25)/((-2)/10)?
2, 3
Suppose -i = i. Suppose 0*s + 2*s = 0. Suppose i = 4*u - s*u - 40. List the prime factors of u.
2, 5
Suppose -6*j + 3*j - o = -10, -5*o + 11 = 2*j. Suppose 11 = t - j. What are the prime factors of t?
2, 7
Suppose -3*y - 8 = y. List the prime factors of (2 - 18)/y - 1.
7
Let t = -2 + 1. Let a(o) = 6*o**2 + 2*o + 1. Let b be a(t). Suppose -2*c = -0*c - b*l - 24, 4*l + 20 = 2*c. What are the prime factors of c?
2
Let h(n) = n**2 + n + 1. Let s(y) = y. Let l be s(3). List the prime factors of h(l).
13
Suppose 4*i = -2*h + 34, 6 + 4 = 5*i. Let p = h + -8. List the prime factors of p.
5
Let x be ((-160)/(-3))/(4/12). Suppose 5*v - 350 = 5*a, -2*v + x = -2*a + 4*a. Suppose i - v = -4*i. List the prime factors of i.
3, 5
Suppose 0*z - 4*z = 0. Suppose x + 2*x + 15 = z. Let a(l) = -l + 7. What are the prime factors of a(x)?
2, 3
Suppose -23 + 79 = 2*r. List the prime factors of r.
2, 7
List the prime factors of (184/115)/(4/70).
2, 7
Suppose 10*f - 649 = 951. List the prime factors of f.
2, 5
Suppose 30 = 3*u - 21. Let a = u + -10. What are the prime factors of a?
7
Let h be 4 + (10/(-2) - -2). List the prime factors of 1 - (-11 - (-2 - h)).
3
Let a(i) = -i**3 + 4*i**2 - 5. Let d(p) = p + 1. Let n(u) = a(u) + 5*d(u). Let v = -153 - -157. List the prime factors of n(v).
2, 5
Suppose 192 + 3 = 5*g. Let t = -22 + g. What are the prime factors of t?
17
What are the prime factors of 8 + -11 - 1*-79?
2, 19
Let n(y) = 3*y + 16. What are the prime factors of n(9)?
43
Suppose -v + y = 3*v - 13, -25 = -5*v + 3*y. Let a(n) = 10*n - 3. What are the prime factors of a(v)?
17
Let l(o) = 7*o - 2. Let t be l(1). Suppose -4*g - 4*h - 7 = -43, -g + t = -h. List the prime factors of g.
7
Let u(f) = f**2 - 4*f + 2. Let d be u(5). Let x = -3 + d. Suppose -5*r = 4*c - 13 - 71, -r = -x*c - 12. List the prime factors of r.
2
Let w(p) = -2 + 5 + 4 + p. Let g be w(0). Suppose g = 3*m + 1. List the prime factors of m.
2
Let f = -20 + -4. Let t(m) = m**2 + 5. Let y be t(6). Let v = f + y. List the prime factors of v.
17
What are the prime factors of 9/((-36)/(-8))*28?
2, 7
Let x(l) = 12 - 11 - 11 - 6*l. What are the prime f